 are the prime factors of 757163589?
3, 7, 13, 313, 8861
What are the prime factors of 98828039?
98828039
List the prime factors of 139836254.
2, 17, 59, 69709
What are the prime factors of 188692535?
5, 2579, 14633
List the prime factors of 799820429.
31, 25800659
List the prime factors of 5442278109.
3, 40063, 45281
List the prime factors of 2474297771.
11, 997, 225613
List the prime factors of 23921666.
2, 11960833
List the prime factors of 100931155.
5, 13, 523, 2969
What are the prime factors of 388724725?
5, 23, 676043
What are the prime factors of 6789534?
2, 3, 743, 1523
List the prime factors of 321969073.
321969073
List the prime factors of 662880911.
7, 11, 19, 53, 83, 103
List the prime factors of 33316973.
1777, 18749
What are the prime factors of 77799179?
23, 1021, 3313
List the prime factors of 782750135.
5, 719, 217733
List the prime factors of 187207220.
2, 5, 9360361
List the prime factors of 297318957.
3, 13, 1621, 4703
What are the prime factors of 586386235?
5, 29, 31, 191, 683
List the prime factors of 4206110277.
3, 73, 19205983
List the prime factors of 85638919.
293, 292283
List the prime factors of 494289918.
2, 3, 23, 149, 2671
List the prime factors of 266825511.
3, 463, 64033
What are the prime factors of 168363541?
19, 47, 9923
List the prime factors of 1831483211.
53, 431, 80177
List the prime factors of 4441349544.
2, 3, 53, 3491627
What are the prime factors of 1181230277?
677, 1744801
List the prime factors of 63158408.
2, 31, 37, 6883
List the prime factors of 60413880.
2, 3, 5, 241, 2089
What are the prime factors of 1071801179?
269, 3984391
List the prime factors of 58920539.
19, 37, 83813
List the prime factors of 2188676680.
2, 5, 307, 178231
List the prime factors of 3005856069.
3, 19, 31, 61, 79, 353
List the prime factors of 1001710453.
73, 3389, 4049
What are the prime factors of 878809908?
2, 3, 41, 197, 9067
What are the prime factors of 92416011?
3, 29, 1062253
List the prime factors of 534989755.
5, 389, 275059
What are the prime factors of 50664565?
5, 7, 1447559
List the prime factors of 461447703.
3, 51271967
What are the prime factors of 92996649?
3, 29, 587, 607
What are the prime factors of 170504957?
7, 23, 21613
List the prime factors of 121008213.
3, 29, 463633
List the prime factors of 2140471753.
7, 43683097
What are the prime factors of 121450292?
2, 373, 81401
List the prime factors of 441293672.
2, 37, 257, 5801
List the prime factors of 133549800.
2, 3, 5, 103, 2161
List the prime factors of 95961882.
2, 3, 15993647
List the prime factors of 7864854998.
2, 7, 11, 13, 1033, 3803
What are the prime factors of 37751705?
5, 139, 54319
List the prime factors of 42095979.
3, 4677331
What are the prime factors of 78712063?
78712063
List the prime factors of 687918.
2, 3, 7, 11, 1489
List the prime factors of 2869999456.
2, 89687483
What are the prime factors of 21587278?
2, 10793639
List the prime factors of 85445318.
2, 7, 19, 109, 421
List the prime factors of 44302819.
11, 366139
List the prime factors of 6703572.
2, 3, 101, 5531
What are the prime factors of 90014542?
2, 557, 80803
What are the prime factors of 2371413994?
2, 5801, 204397
What are the prime factors of 22850419?
22850419
List the prime factors of 1238962417.
7, 11, 59, 272719
What are the prime factors of 297756828?
2, 3, 19, 435317
What are the prime factors of 915293254?
2, 457646627
List the prime factors of 2105432588.
2, 7, 10742003
List the prime factors of 1278649730.
2, 5, 17, 29, 419, 619
What are the prime factors of 144541137?
3, 13, 285091
What are the prime factors of 248334320?
2, 5, 13, 73, 3271
List the prime factors of 1511613324.
2, 3, 13, 19, 139, 1223
List the prime factors of 23771061.
3, 103, 25643
What are the prime factors of 7315908763?
8167, 895789
List the prime factors of 46142575.
5, 947, 1949
What are the prime factors of 194707070?
2, 5, 1481, 13147
List the prime factors of 37907437.
29, 1307153
List the prime factors of 809304253.
809304253
List the prime factors of 2998273127.
389, 7707643
What are the prime factors of 276317772?
2, 3, 1999, 11519
List the prime factors of 66450547.
83, 641, 1249
List the prime factors of 408763387.
59, 117427
List the prime factors of 252649081.
252649081
List the prime factors of 340781067.
3, 11, 47, 24413
List the prime factors of 2607631.
13, 200587
List the prime factors of 2372799636.
2, 3, 109, 353, 571
What are the prime factors of 292573696?
2, 571433
What are the prime factors of 8794926?
2, 3, 7, 53, 439
List the prime factors of 37039586.
2, 18519793
What are the prime factors of 70261270?
2, 5, 7026127
List the prime factors of 26908130.
2, 5, 59, 773
List the prime factors of 20640903.
3, 43, 53, 3019
List the prime factors of 319107673.
6367, 50119
List the prime factors of 27456586.
2, 211, 65063
What are the prime factors of 325804215?
3, 5, 11, 607, 3253
List the prime factors of 4972388476.
2, 11, 397, 284657
What are the prime factors of 42118437?
3, 3557, 3947
List the prime factors of 226039030.
2, 5, 7, 59, 229, 239
List the prime factors of 5861050.
2, 5, 13, 71, 127
What are the prime factors of 260371408?
2, 11, 23, 131, 491
List the prime factors of 40696427.
40696427
What are the prime factors of 360733173?
3, 23, 5228017
What are the prime factors of 90081330?
2, 3, 5, 79, 191, 199
List the prime factors of 409734031.
7, 19, 440101
List the prime factors of 896114778.
2, 3, 13, 17, 41, 53, 311
What are the prime factors of 1085924?
2, 7, 38783
What are the prime factors of 16136148?
2, 3, 7, 192097
List the prime factors of 75771503.
53, 1429651
What are the prime factors of 274937841?
3, 41, 307, 809
What are the prime factors of 177369694?
2, 53, 59, 79, 359
List the prime factors of 123437767.
911, 135497
What are the prime factors of 288733743?
3, 23, 1394849
List the prime factors of 146264238.
2, 3, 2708597
List the prime factors of 486861142.
2, 41, 811, 7321
List the prime factors of 2328216601.
37, 97, 648709
What are the prime factors of 31410548?
2, 13, 23, 26263
What are the prime factors of 77502707?
77502707
List the prime factors of 2307386183.
17, 61, 2225059
What are the prime factors of 254227432?
2, 53, 89, 6737
What are the prime factors of 77039092?
2, 13, 31, 47791
What are the prime factors of 1993796946?
2, 3, 1571, 70507
What are the prime factors of 1186522896?
2, 3, 13, 23, 47, 1759
What are the prime factors of 17605614?
2, 3, 13, 131, 1723
What are the prime factors of 136937661?
3, 7, 1291, 5051
What are the prime factors of 753741067?
4297, 175411
List the prime factors of 1137448248.
2, 3, 1297, 36541
List the prime factors of 1125983350.
2, 5, 101, 222967
What are the prime factors of 42695262?
2, 3, 17, 37, 419
List the prime factors of 2337554694.
2, 3, 97, 199, 20183
List the prime factors of 140879130.
2, 3, 5, 7, 670853
List the prime factors of 22743598.
2, 29, 392131
What are the prime factors of 38435451?
3, 89, 143953
List the prime factors of 4018716796.
2, 59, 263, 64747
List the prime factors of 87589490.
2, 5, 491, 17839
What are the prime factors of 1751758870?
2, 5, 175175887
List the prime factors of 129441562.
2, 23, 2813947
List the prime factors of 34482575.
5, 1009, 1367
List the prime factors of 1173102917.
7, 1879, 89189
What are the prime factors of 143937099?
3, 15993011
What are the prime factors of 2798295086?
2, 29, 167, 251, 1151
What are the prime factors of 5902220852?
2, 11, 134141383
What are the prime factors of 3790526110?
2, 5, 7, 43, 409, 3079
What are the prime factors of 1891197538?
2, 17, 55623457
List the prime factors of 2309092287.
3, 19, 53, 83, 9209
List the prime factors of 147006486.
2, 3, 11, 742457
List the prime factors of 2837447301.
3, 13, 389, 14387
What are the prime factors of 1372884621?
3, 29, 15780283
List the prime factors of 204483707.
1999, 102293
List the prime factors of 81442578.
2, 3, 7, 1939109
What are the prime factors of 1858325819?
7, 265475117
What are the prime factors of 2606003177?
137, 1301, 14621
List the prime factors of 200038826.
2, 13, 7693801
What are the prime factors of 1467201623?
1467201623
List the prime factors of 55829185.
5, 47, 237571
List the prime factors of 709941797.
709941797
List the prime fa